91, -d + 3202 = -5*z - 865. What is the highest common factor of 61 and d?
61
Suppose -22*r + 8*r + 70 = 0. Suppose -5*d - 2*j = -25, 3*j - r = 4*j. Calculate the greatest common divisor of 21 and d.
7
Let f = 643 + -650. Let j be 16/(-56)*f + 60. What is the greatest common divisor of 62 and j?
62
Suppose 8*x - 27 = -x. Suppose -n = -x*n - 156. Let a = -66 - n. What is the highest common divisor of a and 84?
12
Let m(p) = -8*p**3 - 4*p**2 - 13*p - 7. Let o be m(-3). Calculate the greatest common factor of 4028 and o.
212
Let x = 339 - 201. Suppose -x = -3*s + 246. What is the highest common factor of 48 and s?
16
Let n(w) = -3*w**3 + 2 - 10 + 3*w**2 - 6 + 15*w + 2*w**3 - 10*w**2. Let b be n(-10). What is the greatest common factor of b and 16?
8
Let r = 72 - -136. Suppose 588*n + 1488 = 619*n. Calculate the highest common factor of n and r.
16
Let w(f) = f**3 + 6*f**2 - 26*f + 17. Suppose -v = -20*v - 171. Let s be w(v). Suppose -z = -0*z - 2. Calculate the highest common divisor of s and z.
2
Let w(d) = -d**2 - 13*d + 22. Let m be w(-14). Let u = 47 - 43. Suppose 5*i - u*i - 24 = 0. Calculate the highest common factor of i and m.
8
Let s(i) = 3*i**2 + 3*i - 6. Let w be s(-3). Let m = 23 - w. Let o = -6 + m. Calculate the highest common factor of o and 5.
5
Suppose 16791*z - 16808*z = -72267. Calculate the highest common divisor of 78 and z.
39
Let x = 2466 + -68498. Let q be 8/(-10) - x/40. Suppose 4*d - 9*d + q = 0. Calculate the highest common factor of d and 30.
30
Suppose 0 + 3 = y. Suppose a - 3*o = 60, o = y*a - 97 - 67. Calculate the greatest common divisor of 6 and a.
6
Suppose 2388 + 90 + 442 = 4*s. What is the highest common factor of 292 and s?
146
Let k = 327 + -311. Suppose -k*g = -5586 - 942. Calculate the highest common factor of g and 12.
12
Let x = 1108 - 684. What is the greatest common divisor of 8 and x?
8
Suppose -38*j + 4630 = -95*j + 50002. What is the highest common factor of 2587 and j?
199
Suppose 5*f - 576 = 2*f. Let r = 12 - -12. What is the highest common factor of r and f?
24
Let r = 12 - 3. Let d = -94 + 98. Suppose n = d*b + 20, n - b + 3*b - 44 = 0. Calculate the highest common divisor of r and n.
9
Let c = 16 - 9. Suppose 6 = 3*i - 3*b, 0 = 19*i - 15*i + 3*b - 8. Let h be c*(2/1)/i. Calculate the highest common factor of 28 and h.
7
Let i(l) be the third derivative of -l**6/40 - 7*l**5/60 - 5*l**4/12 - 7*l**3/3 - 73*l**2. Let o be i(-4). What is the highest common factor of o and 53?
53
Let u = 3491 - 2506. What is the greatest common divisor of u and 65?
5
Let g = -4188 - -5772. What is the highest common factor of 3344 and g?
176
Let z be 5878104/1799 - -4*2/14. What is the highest common divisor of 76 and z?
76
Let j = 25 - 38. Let p be j + 10 - (23 + 2). Let c = p - -36. What is the greatest common divisor of c and 64?
8
Suppose -40 = 34*x - 482. Suppose 233 = b + 5*c, -2*c - 1030 = -6*b + b. Calculate the highest common divisor of b and x.
13
Let q(s) = -30*s + 1900. Let l be q(62). What is the highest common divisor of l and 1580?
20
Suppose 11*z = 0, 2*d - 3*d - 3630 = -2*d + z. Calculate the highest common divisor of d and 440.
110
Suppose -2156 = -251*g + 237*g. What is the greatest common factor of g and 3794?
14
Let s be 9*(4/14)/(24/28). Let t be 17 + (2 - 5) - (-6 + s). Calculate the greatest common factor of t and 153.
17
Let o = 394 - 264. Let c = -17 - -20. Suppose c*i = -4 + o. What is the greatest common divisor of 42 and i?
42
Let k = -16 + 19. Let g = 6 - k. Suppose -3*u - 10*n + 99 = -5*n, 0 = -n + g. What is the highest common factor of 21 and u?
7
Let f be 4/10 - (-3980)/50. Let m(x) = -x**3 + 4*x**2 + 12*x - 18. Let c be m(4). What is the highest common factor of f and c?
10
Let m(w) = 13757*w**2 - 61*w - 58. Let n be m(-1). What is the highest common factor of 20 and n?
20
Suppose 6*d - 21 = -3. Let h(p) be the third derivative of p**6/120 - p**5/20 + p**4/6 - p**2. Let a be h(d). Calculate the greatest common factor of 12 and a.
12
Let y(t) = -2*t**3 + 52*t**2 + 14*t - 25. Let j be y(25). Calculate the greatest common divisor of j and 4025.
175
Let s(v) = 7*v**2 + 2*v + 69. Let z(r) = -16*r**2 - 3*r - 136. Let h(b) = 7*s(b) + 3*z(b). Let w be h(-8). Calculate the greatest common factor of 9 and w.
9
Suppose -c = -0*c - 3*v + 5, -2*c + 5*v = 10. Let u be c + (4 - 1) + 137. Calculate the highest common factor of 27 and u.
27
Suppose -6*v = -s - 2*v + 8, -4*s - 3*v = -127. Let y(q) = 8*q**3 + 49*q**2 - 99*q - 6. Let a be y(2). What is the greatest common factor of s and a?
28
Let f = 3249 - 3190. Calculate the highest common divisor of 1357 and f.
59
Suppose -6*c + 6 = -18. Suppose -11*j + 499 = c*p - 6*j, -2*p + 3*j = -255. What is the highest common factor of p and 18?
18
Let w be 777/15 + 1/5. Let t(x) be the first derivative of 26*x**4 + 2*x**2 - 4*x + 2. Let q be t(1). What is the greatest common divisor of q and w?
52
Let q be ((5/(-10))/(-1))/(1/60). Let k = -468 + 518. What is the highest common factor of k and q?
10
Suppose 3*x + 4*x + 2592 = 43*x. Calculate the greatest common divisor of 387 and x.
9
Let n(f) = f**3 - 25*f**2 + 64*f + 130. Let g be n(22). What is the highest common factor of g and 3870?
86
Let h(n) = -165 + 10 - 7*n - 21*n + 16. Let f be h(-8). What is the greatest common factor of 20 and f?
5
Let f = -4231 - -4267. Calculate the greatest common divisor of 80 and f.
4
Let q(i) be the first derivative of i**4/4 + 2*i**3 - 17*i**2/2 - 42*i + 20. Let p be q(-7). Calculate the greatest common divisor of 112 and p.
28
Suppose -4*f + 5*r = 392, 4*f - 57 = 3*r - 457. Let o = f - -136. Calculate the highest common factor of 11 and o.
11
Let c = -6201 + 9652. Calculate the highest common divisor of c and 14.
7
Suppose 3*c - c = 5*y - 14, -3*y - 4*c + 24 = 0. Let q be ((-120)/9)/((y + -2)/(-36)). What is the greatest common factor of q and 96?
48
Let f = -285 - -301. Suppose 64 = 4*x + 4*p, 0 = -7*x + 6*x + 3*p + f. Calculate the highest common factor of x and 440.
8
Let a be -5 + 3/(-9)*-3. Suppose -5*h + 7*i - 8*i = -48, 3*h - 36 = -3*i. Let s be 312/h + a/6. What is the highest common factor of s and 85?
17
Let h be (-13 + 1)/(((-3)/9)/((-7940)/(-60))). Calculate the greatest common factor of h and 120.
12
Let g(b) = 6*b**2 + 30*b - 158. Let y be g(-28). What is the greatest common factor of 654 and y?
218
Let t be (-77 - -2)*12/(-18). Suppose -8*v = -170 + t. Calculate the highest common factor of v and 55.
5
Let o be -18*3/15 - 6/15. Let v(p) = -22*p - 49. Let n be v(o). What is the greatest common factor of 26 and n?
13
Let z(q) = 47*q + 231. Let v be z(-5). Let p(y) = -y**3 - 3*y**2 - 10. Let c be p(v). What is the greatest common factor of 4 and c?
2
Suppose -212 = -o - 4*x, 2*o = 6*o + 3*x - 861. Calculate the highest common divisor of 243 and o.
27
Suppose 49*t = -1437 + 15647. Calculate the highest common divisor of 160 and t.
10
Let l be 10*2 - 78/(-3). What is the greatest common factor of 8257 and l?
23
Let l(n) = -10*n**3 - 13*n**2 - 10*n + 14*n + 3*n**2 + 13*n + 28 + 6*n**3. Let y be l(-8). Calculate the greatest common divisor of 52 and y.
52
Let t be 758 + 476 + 1/(2/22). What is the highest common divisor of t and 165?
15
Let d(w) = 4*w**2 + 2*w - 2. Suppose -2 = -2*v - 6. Let q be d(v). Let u be 55*(-1)/(-5)*5. Calculate the greatest common factor of q and u.
5
Let g be 2/9 + (347832/81)/8. Let u be g/7 - (-26)/91. Suppose 2*t - 27 = -3*i, -3*i + 30 = -0*i + t. What is the highest common factor of i and u?
11
Let r(f) = 6*f**2 + 8*f - 5. Let g be 90/(-75)*(-1 - (-4)/(-6)). Let q be r(g). Calculate the greatest common divisor of q and 210.
35
Let a = -168 - -208. Let h be (-1)/((-9)/6)*24. What is the greatest common divisor of h and a?
8
Let t(g) = 560*g**3 - 5*g**2 - 8*g + 6. Let c be t(1). Calculate the greatest common divisor of c and 28.
7
Let r be (-2240)/(-26) - (-12)/(-78). Suppose 634 + r = 9*o. Calculate the highest common divisor of 320 and o.
80
Suppose -34*s = -36*s - 8876. Let r be s/(-18) - 24/(-54). What is the greatest common divisor of r and 26?
13
Let l = -134 + 136. Suppose -l*u = 13 - 13. Suppose 0 = -u*s - 4*s - 3*r + 129, 5*s + r = 175. Calculate the highest common factor of s and 54.
18
Let y be 1059/21 - (-100)/175. Supp